{"id":20,"date":"2020-03-24T17:36:18","date_gmt":"2020-03-24T17:36:18","guid":{"rendered":"http:\/\/foeveledo.de\/?page_id=20"},"modified":"2024-05-06T11:06:15","modified_gmt":"2024-05-06T11:06:15","slug":"intern","status":"publish","type":"page","link":"https:\/\/foeveledo.de\/?page_id=20","title":{"rendered":"Die aktuellen Gruppen"},"content":{"rendered":"\n<p class=\"has-medium-font-size\">Gesch\u00e4ftsstelle Dortmund H\u00f6rde<br>Online in Videokonferenzen<\/p>\n\n\n\n<hr class=\"wp-block-separator has-css-opacity\"\/>\n\n\n\n<p>Beitrag: Mitgliedschaft im F\u00f6rderverein <br> ab \u20ac 7,\u2013\/Jahr<br> <br> F\u00f6rderkosten pro Kind:<br> \u20ac 75,\u2013\/Monat<\/p>\n\n\n\n<p><a href=\"http:\/\/foeveledo.de\/wp-content\/uploads\/2024\/04\/Satzung-LRS-Stand-November-2023.pdf\">Satzung <\/a><\/p>\n\n\n\n<p><strong>Downloads f\u00fcr Eltern<\/strong><\/p>\n\n\n\n<p>Die unten abgebildeten Formulare stehen im PDF-Format f\u00fcr den direkten Download zur Verf\u00fcgung. Die Formulare k\u00f6nnen zum Teil am PC ausgef\u00fcllt werden. Da wir aber immer noch rechtsverbindliche Unterschriften ben\u00f6tigen, k\u00f6nnen wir nicht die komplette Organisation schon auf E-Mail umstellen. Bitte drucken Sie die Formulare aus, vergessen Sie nicht die Unterschrift und senden sie uns per Post oder Fax zu.<\/p>\n\n\n\n<div class=\"wp-block-group\"><div class=\"wp-block-group__inner-container is-layout-flow wp-block-group-is-layout-flow\"><div class=\"wp-block-image\">\n<figure class=\"aligncenter\"><a href=\"http:\/\/foeveledo.de\/wp-content\/uploads\/2023\/11\/foeveledo_mitgliedsantrag-1.pdf\" target=\"_blank\" rel=\"noreferrer noopener\"><img loading=\"lazy\" decoding=\"async\" width=\"134\" height=\"189\" src=\"http:\/\/foeveledo.de\/wp-content\/uploads\/2020\/03\/mitgliedsantrag.gif\" alt=\"\" class=\"wp-image-62\"\/><\/a><figcaption class=\"wp-element-caption\">Mitgliedsantrag<\/figcaption><\/figure>\n<\/div>\n\n<div class=\"wp-block-image\">\n<figure class=\"aligncenter\"><a href=\"http:\/\/foeveledo.de\/wp-content\/uploads\/2023\/11\/foeveledo_anmeldung.pdf\" target=\"_blank\" rel=\"noreferrer noopener\"><img loading=\"lazy\" decoding=\"async\" width=\"134\" height=\"189\" src=\"http:\/\/foeveledo.de\/wp-content\/uploads\/2020\/03\/anmeldung.gif\" alt=\"\" class=\"wp-image-59\"\/><\/a><figcaption class=\"wp-element-caption\">Anmeldung<\/figcaption><\/figure>\n<\/div><\/div><\/div>\n\n\n\n<hr class=\"wp-block-separator has-css-opacity\"\/>\n\n\n\n<p><strong>Downloads f\u00fcr Lehrer<\/strong><\/p>\n\n\n\n<p>Das Formular f\u00fcr die Honorar-Abrechnung liegt als Excel-Datei mit Rechenfunktion zum direkten Ausf\u00fcllen am PC vor. <br>Bitte nutzen Sie einen Rechtsklick auf das Bild f\u00fcr den Download der Excel-Datei: w\u00e4hlen Sie im Dialog den Punkt \u00bbZiel speichern unter\u00ab und legen Sie die Datei in einem Ordner auf Ihrem Rechner.<br>Oder kopieren Sie diesen Link in Ihren Browser: <br><a href=\"http:\/\/foeveledo.de\/wp-content\/uploads\/2023\/07\/Foeveledo-Honorare.xlsx\">hhttp:\/\/foeveledo.de\/wp-content\/uploads\/2023\/07\/Foeveledo-Honorare.xlsx<\/a><br>Kennw\u00f6rter erhalten Lehrer beim Gesch\u00e4ftsf\u00fchrer.<\/p>\n\n\n<div class=\"wp-block-image\">\n<figure class=\"aligncenter size-large\"><a href=\"http:\/\/foeveledo.de\/wp-content\/uploads\/2023\/07\/Foeveledo-Honorare.xlsx\" target=\"_blank\" rel=\"download noopener noreferrer\"><img loading=\"lazy\" decoding=\"async\" width=\"134\" height=\"189\" src=\"http:\/\/foeveledo.de\/wp-content\/uploads\/2020\/03\/honorarabrechnung-1.gif\" alt=\"\" class=\"wp-image-139\"\/><\/a><\/figure>\n<\/div>\n\n\n<p>F\u00fcr die ordnungsgem\u00e4\u00dfe Abrechnung wird eine Zusendung per E-Mail an den Gesch\u00e4ftsf\u00fchrer ben\u00f6tigt.<\/p>\n\n\n\n<p><\/p>\n","protected":false},"excerpt":{"rendered":"<p>Gesch\u00e4ftsstelle Dortmund H\u00f6rdeOnline in Videokonferenzen Beitrag: Mitgliedschaft im F\u00f6rderverein ab \u20ac 7,\u2013\/Jahr F\u00f6rderkosten pro Kind: \u20ac 75,\u2013\/Monat Satzung Downloads f\u00fcr Eltern Die unten abgebildeten Formulare stehen im PDF-Format f\u00fcr den direkten Download zur Verf\u00fcgung. Die Formulare k\u00f6nnen zum Teil am PC ausgef\u00fcllt werden. Da wir aber immer noch rechtsverbindliche Unterschriften ben\u00f6tigen, k\u00f6nnen wir nicht die&#8230;<\/p>\n","protected":false},"author":1,"featured_media":78,"parent":0,"menu_order":0,"comment_status":"closed","ping_status":"closed","template":"","meta":{"footnotes":""},"class_list":["post-20","page","type-page","status-publish","has-post-thumbnail","hentry"],"_links":{"self":[{"href":"https:\/\/foeveledo.de\/index.php?rest_route=\/wp\/v2\/pages\/20","targetHints":{"allow":["GET"]}}],"collection":[{"href":"https:\/\/foeveledo.de\/index.php?rest_route=\/wp\/v2\/pages"}],"about":[{"href":"https:\/\/foeveledo.de\/index.php?rest_route=\/wp\/v2\/types\/page"}],"author":[{"embeddable":true,"href":"https:\/\/foeveledo.de\/index.php?rest_route=\/wp\/v2\/users\/1"}],"replies":[{"embeddable":true,"href":"https:\/\/foeveledo.de\/index.php?rest_route=%2Fwp%2Fv2%2Fcomments&post=20"}],"version-history":[{"count":48,"href":"https:\/\/foeveledo.de\/index.php?rest_route=\/wp\/v2\/pages\/20\/revisions"}],"predecessor-version":[{"id":255,"href":"https:\/\/foeveledo.de\/index.php?rest_route=\/wp\/v2\/pages\/20\/revisions\/255"}],"wp:featuredmedia":[{"embeddable":true,"href":"https:\/\/foeveledo.de\/index.php?rest_route=\/wp\/v2\/media\/78"}],"wp:attachment":[{"href":"https:\/\/foeveledo.de\/index.php?rest_route=%2Fwp%2Fv2%2Fmedia&parent=20"}],"curies":[{"name":"wp","href":"https:\/\/api.w.org\/{rel}","templated":true}]}}